Is 1817533 a prime number?
True
Is 58271 a prime number?
True
Is 584673 a prime number?
False
Is 37384351 composite?
True
Is 1938773 prime?
True
Is 31221739 a composite number?
False
Is 2002907 a prime number?
True
Is 621253 prime?
False
Is 89111981 prime?
False
Is 901489 a prime number?
True
Is 105484553 prime?
True
Is 1159127 a prime number?
True
Is 112168487 a composite number?
False
Is 13253057 composite?
False
Is 3048737 a prime number?
True
Is 52981087 composite?
True
Is 82027354 a prime number?
False
Is 23328197 composite?
False
Is 15826361 prime?
True
Is 859187 prime?
False
Is 41230207 a composite number?
False
Is 9361987 a prime number?
True
Is 2167651 a composite number?
True
Is 86196211 composite?
False
Is 15340763 a prime number?
True
Is 49249873 a composite number?
False
Is 13842779 a prime number?
True
Is 3419918 prime?
False
Is 6068191 prime?
False
Is 4873391 prime?
True
Is 38967262 prime?
False
Is 3862219 a prime number?
True
Is 109713073 a composite number?
True
Is 20413831 a composite number?
False
Is 3865539 composite?
True
Is 5291159 composite?
True
Is 1920777 a prime number?
False
Is 5841029 prime?
True
Is 36276239 prime?
True
Is 64439879 a prime number?
False
Is 10446277 prime?
True
Is 3870283 composite?
False
Is 20447905 prime?
False
Is 28753757 prime?
True
Is 51119531 a prime number?
True
Is 13816549 prime?
False
Is 2070973 prime?
True
Is 690469 composite?
True
Is 2637785 prime?
False
Is 10426951 a prime number?
True
Is 30993355 prime?
False
Is 1367504966 a prime number?
False
Is 30756881 a composite number?
False
Is 47368378 a prime number?
False
Is 66912337 prime?
True
Is 9387773 composite?
False
Is 1550657 a prime number?
False
Is 27878293 composite?
True
Is 22688789 a prime number?
True
Is 27852293 a prime number?
False
Is 101601427 composite?
False
Is 5947543 a composite number?
True
Is 15663589 a prime number?
True
Is 1741409 composite?
False
Is 245251 a prime number?
True
Is 3509221 a composite number?
False
Is 239557751 prime?
True
Is 29170789 composite?
False
Is 343289621 a composite number?
False
Is 19663867 a prime number?
True
Is 17433989 prime?
True
Is 21919955 composite?
True
Is 227789 prime?
True
Is 8477537 prime?
False
Is 65335154 a prime number?
False
Is 12027773 a composite number?
True
Is 70379993 composite?
False
Is 6399781 a prime number?
False
Is 633577 composite?
True
Is 10658117 prime?
True
Is 24581863 prime?
True
Is 2222403 a composite number?
True
Is 439887013 composite?
True
Is 8786809 composite?
False
Is 224572247 composite?
True
Is 900863 composite?
False
Is 3802837 prime?
True
Is 611939 a composite number?
False
Is 822927091 a prime number?
False
Is 6960673 a composite number?
False
Is 4494019 a prime number?
True
Is 29963447 a prime number?
True
Is 1704793 a prime number?
True
Is 14402909 composite?
True
Is 11994677 prime?
True
Is 30094261 prime?
True
Is 90142967 a composite number?
True
Is 1095357 composite?
True
Is 3003323 a composite number?
False
Is 30334223 prime?
False
Is 21982201 a prime number?
True
Is 4039673 prime?
False
Is 9699667 a prime number?
True
Is 476838529 prime?
False
Is 806149717 prime?
True
Is 40420493 a composite number?
False
Is 57404821 composite?
True
Is 35054729 a prime number?
True
Is 59349989 a composite number?
False
Is 39758177 prime?
True
Is 13294727 a prime number?
True
Is 11417707 composite?
True
Is 212696657 a composite number?
False
Is 8032753 composite?
True
Is 17599241 a prime number?
False
Is 6855529 a composite number?
False
Is 6311659 prime?
True
Is 1461469 a composite number?
True
Is 19991703 a prime number?
False
Is 2680193 a composite number?
True
Is 281833 composite?
False
Is 9798401 composite?
True
Is 53408239 composite?
False
Is 5751742 a prime number?
False
Is 96709117 composite?
False
Is 50162369 a composite number?
True
Is 15842569 a composite number?
True
Is 39717845 a prime number?
False
Is 4530103 a prime number?
False
Is 6712507 composite?
True
Is 896017 prime?
False
Is 48178117 a composite number?
True
Is 422393 prime?
True
Is 24513179 prime?
False
Is 1770089 prime?
True
Is 1135709 prime?
False
Is 109967313 a composite number?
True
Is 40957115 a prime number?
False
Is 1387831 a composite number?
True
Is 10670939 a prime number?
True
Is 36372727 prime?
False
Is 130241 composite?
False
Is 1491401 prime?
True
Is 11002993 composite?
True
Is 1077937 composite?
True
Is 3239107 composite?
False
Is 5160983 prime?
True
Is 26256149 a composite number?
False
Is 3942577 prime?
True
Is 20132819 a composite number?
True
Is 79345463 a composite number?
True
Is 751957 a composite number?
False
Is 18967799 composite?
True
Is 78238949 a composite number?
False
Is 18476641 a prime number?
True
Is 81750973 composite?
False
Is 7393 a composite number?
False
Is 270343 prime?
True
Is 1269623 prime?
False
Is 127524547 composite?
True
Is 98300393 composite?
False
Is 246322691 a composite number?
False
Is 4391027 composite?
False
Is 84832793 a composite number?
False
Is 140039909 composite?
False
Is 9385361 a composite number?
True
Is 58000817 a prime number?
False
Is 5798699 a composite number?
False
Is 103613 composite?
False
Is 9733651 a prime number?
True
Is 2395511 prime?
True
Is 8396914 a composite number?
True
Is 5842559 prime?
False
Is 348966647 prime?
False
Is 106656349 a prime number?
False
Is 55159103 a composite number?
False
Is 391607627 prime?
True
Is 33716059 a prime number?
False
Is 5837099 a prime number?
True
Is 95637863 a prime number?
True
Is 13589314 prime?
False
Is 203389301 composite?
True
Is 888829 prime?
False
Is 515138237 composite?
True
Is 51144107 prime?
False
Is 2023243 prime?
False
Is 701209 a prime number?
True
Is 4852231 a prime number?
False
Is 3780367 composite?
False
Is 31508071 composite?
True
Is 276202 a composite number?
True
Is 744479 a prime number?
False
Is 36207993 prime?
False
Is 6358477 prime?
True
Is 15845671 composite?
False
Is 161883893 a prime number?
True
Is 1679831 composite?
False
Is 6929189 composite?
False
Is 13162603 a prime number?
False
Is 81463573 a composite number?
True
Is 15086245 a prime number?
False
Is 327502247 a prime number?
True
Is 2722009 a prime number?
False
Is 28445723 composite?
True
Is 9252883 composite?
False
Is 187140169 a composite number?
False
Is 28047029 composite?
False
Is 82840937 a composite number?
False
Is 4072073 composite?
False
Is 11129795 prime?
False
Is 4739687 prime?
True
Is 125690717 a prime number?
True
Is 1234427 a composite number?
True
Is 481177789 prime?
True
Is 98068277 composite?
False
Is 154293101 a composite number?
True
Is 316361 prime?
False
Is 16553711 composite?
False
Is 102148637 a prime number?
False
Is 1189581 a prime number?
False
Is 23493037 a composite number?
False
Is 10862987 prime?
False
Is 204313 a prime number?
False
Is 14056411 composite?
True
Is 156202843 composite?
False
Is 2603033 a composite number?
False
Is 2495599 composite?
False
Is 247288787 a composite number?
False
Is 220043 prime?
False
Is 146773313 a prime number?
False
Is 20524367 composite?
False
Is 398011 prime?
True
Is 161259341 a prime number?
True
Is 258248107 a composite number?
True
Is 2918429 prime?
False
Is 2193007 a composite number?
False
Is 160691491 a composite number?
True
Is 102833029 a composite number?
True
Is 13218563 composite?
True
Is 72135353 prime?
True
Is 11392709 a composite number?
True
Is 15635057 a prime number?
True
Is 633023087 a composite number?
True
Is 2711563 prime?
False
Is 4761151 composite?
False
Is 76962577 composite?
True
Is 7458499 composite?
False
Is 3462937 prime?
True
Is 5458357 composite?
False
Is 29079047 a composite number?
False
Is 5322253 composite?
False
Is 1190983 a composite number?
False
Is 7908641 a prime number?
False
Is 9234749 a prime number?
True
Is 223281418 composite?
True
Is 45918931 composite?
False
Is 1302254 a prime number?
False
Is 52447606 composite?
True
Is 3526771 prime?
True
Is 445815889 a composite number?
False
Is 8520073 composite?
True
Is 15732229 prime?
True
Is 7213321 prime?
False
Is 1683581 prime?
True
Is 130685879 composite?
False
Is 251149 composite?
False
Is 42748999 prime?
False
Is 1214357 a prime number?
True
Is 626709469 a composite number?
False
Is 2039591 composite?
True
Is 1746607 prime?
True
Is 62